{"id":394,"date":"2023-06-16T09:30:30","date_gmt":"2023-06-16T09:30:30","guid":{"rendered":"https:\/\/patiotime.loftocean.com\/demo11\/?page_id=394"},"modified":"2024-11-28T16:15:29","modified_gmt":"2024-11-28T16:15:29","slug":"special-drinks-menu","status":"publish","type":"page","link":"https:\/\/saladboxmarrakech.com\/index.php\/special-drinks-menu\/","title":{"rendered":"Special Drinks Menu"},"content":{"rendered":"\t\t<div data-elementor-type=\"wp-page\" data-elementor-id=\"394\" class=\"elementor elementor-394\">\n\t\t\t\t\t\t<section class=\"elementor-section elementor-top-section elementor-element elementor-element-15fde63 elementor-section-height-min-height pt-section-content-fullwidth pt-parallax-on-scroll pt_scroll_y_120 elementor-section-boxed elementor-section-height-default elementor-section-items-middle\" data-id=\"15fde63\" data-element_type=\"section\" data-settings=\"{&quot;background_background&quot;:&quot;classic&quot;}\" data-pt-parallax-y=\"120\" style=\"background-image: none;\" data-pt-background-image=\"http:\/\/patiotime.loftocean.com\/demo11\/wp-content\/uploads\/sites\/11\/2023\/06\/svitlana-w7dlfv2BWvs-unsplash.jpg\">\n\t\t\t\t\t\t\t<div class=\"elementor-background-overlay\"><\/div>\n\t\t\t\t\t\t\t<div class=\"elementor-container elementor-column-gap-no\">\n\t\t\t\t\t<div class=\"elementor-column elementor-col-100 elementor-top-column elementor-element elementor-element-a761816 dark-color\" data-id=\"a761816\" data-element_type=\"column\">\n\t\t\t<div class=\"elementor-widget-wrap elementor-element-populated\">\n\t\t\t\t\t\t<div class=\"elementor-element elementor-element-52fe098 elementor-widget elementor-widget-pt_title\" data-id=\"52fe098\" data-element_type=\"widget\" data-widget_type=\"pt_title.default\">\n\t\t\t\t<div class=\"elementor-widget-container\">\n\t\t\t\n        <div class=\"pt-title-wrap text-center\">\t            <h1 class=\"pt-title\">\n\t                Special Drinks\t            <\/h1>        <\/div>\t\t<\/div>\n\t\t\t\t<\/div>\n\t\t\t\t\t<\/div>\n\t\t<\/div>\n\t\t\t\t\t<\/div>\n\t\t<\/section>\n\t\t\t\t<section class=\"elementor-section elementor-top-section elementor-element elementor-element-16a8122 elementor-section-boxed elementor-section-height-default elementor-section-height-default\" data-id=\"16a8122\" data-element_type=\"section\">\n\t\t\t\t\t\t<div class=\"elementor-container elementor-column-gap-default\">\n\t\t\t\t\t<div class=\"elementor-column elementor-col-100 elementor-top-column elementor-element elementor-element-8dccc22\" data-id=\"8dccc22\" data-element_type=\"column\">\n\t\t\t<div class=\"elementor-widget-wrap elementor-element-populated\">\n\t\t\t\t\t\t\t<\/div>\n\t\t<\/div>\n\t\t\t\t\t<\/div>\n\t\t<\/section>\n\t\t\t\t<section class=\"elementor-section elementor-top-section elementor-element elementor-element-f7d1aa2 elementor-section-content-middle elementor-section-boxed elementor-section-height-default elementor-section-height-default\" data-id=\"f7d1aa2\" data-element_type=\"section\">\n\t\t\t\t\t\t<div class=\"elementor-container elementor-column-gap-no\">\n\t\t\t\t\t<div class=\"elementor-column elementor-col-50 elementor-top-column elementor-element elementor-element-6f60ab9\" data-id=\"6f60ab9\" data-element_type=\"column\">\n\t\t\t<div class=\"elementor-widget-wrap elementor-element-populated\">\n\t\t\t\t\t\t<div class=\"elementor-element elementor-element-b3901cd elementor-widget elementor-widget-image\" data-id=\"b3901cd\" data-element_type=\"widget\" data-widget_type=\"image.default\">\n\t\t\t\t<div class=\"elementor-widget-container\">\n\t\t\t\t\t\t\t\t\t\t\t\t\t<img fetchpriority=\"high\" decoding=\"async\" width=\"1000\" height=\"1000\" src=\"https:\/\/saladboxmarrakech.com\/wp-content\/uploads\/2023\/06\/svitlana-hclUIrSWwFE-unsplash.jpg\" class=\"attachment-large size-large wp-image-86\" alt=\"\" srcset=\"https:\/\/saladboxmarrakech.com\/wp-content\/uploads\/2023\/06\/svitlana-hclUIrSWwFE-unsplash.jpg 1000w, https:\/\/saladboxmarrakech.com\/wp-content\/uploads\/2023\/06\/svitlana-hclUIrSWwFE-unsplash-300x300.jpg 300w, https:\/\/saladboxmarrakech.com\/wp-content\/uploads\/2023\/06\/svitlana-hclUIrSWwFE-unsplash-150x150.jpg 150w, https:\/\/saladboxmarrakech.com\/wp-content\/uploads\/2023\/06\/svitlana-hclUIrSWwFE-unsplash-600x600.jpg 600w, https:\/\/saladboxmarrakech.com\/wp-content\/uploads\/2023\/06\/svitlana-hclUIrSWwFE-unsplash-768x768.jpg 768w, https:\/\/saladboxmarrakech.com\/wp-content\/uploads\/2023\/06\/svitlana-hclUIrSWwFE-unsplash-780x780.jpg 780w, https:\/\/saladboxmarrakech.com\/wp-content\/uploads\/2023\/06\/svitlana-hclUIrSWwFE-unsplash-550x550.jpg 550w, https:\/\/saladboxmarrakech.com\/wp-content\/uploads\/2023\/06\/svitlana-hclUIrSWwFE-unsplash-370x370.jpg 370w, https:\/\/saladboxmarrakech.com\/wp-content\/uploads\/2023\/06\/svitlana-hclUIrSWwFE-unsplash-255x255.jpg 255w\" sizes=\"(max-width: 1000px) 100vw, 1000px\" \/>\t\t\t\t\t\t\t\t\t\t\t\t\t<\/div>\n\t\t\t\t<\/div>\n\t\t\t\t\t<\/div>\n\t\t<\/div>\n\t\t\t\t<div class=\"elementor-column elementor-col-50 elementor-top-column elementor-element elementor-element-8a32d6b\" data-id=\"8a32d6b\" data-element_type=\"column\">\n\t\t\t<div class=\"elementor-widget-wrap elementor-element-populated\">\n\t\t\t\t\t\t<div class=\"elementor-element elementor-element-7533b31 elementor-widget elementor-widget-pt_title\" data-id=\"7533b31\" data-element_type=\"widget\" data-widget_type=\"pt_title.default\">\n\t\t\t\t<div class=\"elementor-widget-container\">\n\t\t\t\n        <div class=\"pt-title-wrap text-center-mobile\">\t            <div class=\"pt-subtitle-wrap\"><span class=\"pt-subtitle\">Summer Special Drink #1<\/span><\/div>        <\/div>\t\t<\/div>\n\t\t\t\t<\/div>\n\t\t\t\t<div class=\"elementor-element elementor-element-1fc7534 elementor-widget elementor-widget-pt_food_card\" data-id=\"1fc7534\" data-element_type=\"widget\" data-widget_type=\"pt_food_card.default\">\n\t\t\t\t<div class=\"elementor-widget-container\">\n\t\t\t\n\t\t<div class=\"pt-food-card\">            <div class=\"pt-fc-info\">\n                <div class=\"pt-fc-info-wrap\">                    <h4 class=\"pt-fc-info-title\">Iced Passion Fruit  Green Tea<\/h4>                    <div class=\"pt-fc-info-text\"><p>Lime juice , green tea, honey\/sugar, iced water and peach puree.<\/p><\/div>\t                    <div class=\"pt-fc-info-extra\">\t\t\t\t\t\t\t<span class=\"info-label\">Medium Cup<\/span>\t                        <span class=\"info-content\">$6.5<\/span>\t\t\t\t\t\t<\/div>\t                    <div class=\"pt-fc-info-extra\">\t\t\t\t\t\t\t<span class=\"info-label\">Large Cup<\/span>\t                        <span class=\"info-content\">$9.5<\/span>\t\t\t\t\t\t<\/div>                <\/div>\n            <\/div>\n        <\/div>\t\t<\/div>\n\t\t\t\t<\/div>\n\t\t\t\t\t<\/div>\n\t\t<\/div>\n\t\t\t\t\t<\/div>\n\t\t<\/section>\n\t\t\t\t<section class=\"elementor-section elementor-top-section elementor-element elementor-element-c7d0332 elementor-section-content-middle elementor-reverse-mobile elementor-section-boxed elementor-section-height-default elementor-section-height-default\" data-id=\"c7d0332\" data-element_type=\"section\">\n\t\t\t\t\t\t<div class=\"elementor-container elementor-column-gap-no\">\n\t\t\t\t\t<div class=\"elementor-column elementor-col-50 elementor-top-column elementor-element elementor-element-21f93a9\" data-id=\"21f93a9\" data-element_type=\"column\">\n\t\t\t<div class=\"elementor-widget-wrap elementor-element-populated\">\n\t\t\t\t\t\t<div class=\"elementor-element elementor-element-e602d02 elementor-widget elementor-widget-pt_title\" data-id=\"e602d02\" data-element_type=\"widget\" data-widget_type=\"pt_title.default\">\n\t\t\t\t<div class=\"elementor-widget-container\">\n\t\t\t\n        <div class=\"pt-title-wrap text-center-mobile\">\t            <div class=\"pt-subtitle-wrap\"><span class=\"pt-subtitle\">Summer Special Drink #2<\/span><\/div>        <\/div>\t\t<\/div>\n\t\t\t\t<\/div>\n\t\t\t\t<div class=\"elementor-element elementor-element-c543da0 elementor-widget elementor-widget-pt_food_card\" data-id=\"c543da0\" data-element_type=\"widget\" data-widget_type=\"pt_food_card.default\">\n\t\t\t\t<div class=\"elementor-widget-container\">\n\t\t\t\n\t\t<div class=\"pt-food-card\">            <div class=\"pt-fc-info\">\n                <div class=\"pt-fc-info-wrap\">                    <h4 class=\"pt-fc-info-title\">Summer Breeze of Passion<\/h4>                    <div class=\"pt-fc-info-text\"><p>Refreshing sparkling white tea with rose, orange blossom, and berries.<\/p><\/div>\t                    <div class=\"pt-fc-info-extra\">\t\t\t\t\t\t\t<span class=\"info-label\">Medium Cup<\/span>\t                        <span class=\"info-content\">$6.5<\/span>\t\t\t\t\t\t<\/div>\t                    <div class=\"pt-fc-info-extra\">\t\t\t\t\t\t\t<span class=\"info-label\">Large Cup<\/span>\t                        <span class=\"info-content\">$9.5<\/span>\t\t\t\t\t\t<\/div>                <\/div>\n            <\/div>\n        <\/div>\t\t<\/div>\n\t\t\t\t<\/div>\n\t\t\t\t\t<\/div>\n\t\t<\/div>\n\t\t\t\t<div class=\"elementor-column elementor-col-50 elementor-top-column elementor-element elementor-element-bb2b4b8\" data-id=\"bb2b4b8\" data-element_type=\"column\">\n\t\t\t<div class=\"elementor-widget-wrap elementor-element-populated\">\n\t\t\t\t\t\t<div class=\"elementor-element elementor-element-d261355 elementor-widget elementor-widget-image\" data-id=\"d261355\" data-element_type=\"widget\" data-widget_type=\"image.default\">\n\t\t\t\t<div class=\"elementor-widget-container\">\n\t\t\t\t\t\t\t\t\t\t\t\t\t<img decoding=\"async\" width=\"1000\" height=\"1000\" src=\"https:\/\/saladboxmarrakech.com\/wp-content\/uploads\/2023\/06\/svitlana-PwxHOrFkCdU-unsplash.jpg\" class=\"attachment-large size-large wp-image-447\" alt=\"\" srcset=\"https:\/\/saladboxmarrakech.com\/wp-content\/uploads\/2023\/06\/svitlana-PwxHOrFkCdU-unsplash.jpg 1000w, https:\/\/saladboxmarrakech.com\/wp-content\/uploads\/2023\/06\/svitlana-PwxHOrFkCdU-unsplash-300x300.jpg 300w, https:\/\/saladboxmarrakech.com\/wp-content\/uploads\/2023\/06\/svitlana-PwxHOrFkCdU-unsplash-150x150.jpg 150w, https:\/\/saladboxmarrakech.com\/wp-content\/uploads\/2023\/06\/svitlana-PwxHOrFkCdU-unsplash-600x600.jpg 600w, https:\/\/saladboxmarrakech.com\/wp-content\/uploads\/2023\/06\/svitlana-PwxHOrFkCdU-unsplash-768x768.jpg 768w, https:\/\/saladboxmarrakech.com\/wp-content\/uploads\/2023\/06\/svitlana-PwxHOrFkCdU-unsplash-780x780.jpg 780w, https:\/\/saladboxmarrakech.com\/wp-content\/uploads\/2023\/06\/svitlana-PwxHOrFkCdU-unsplash-550x550.jpg 550w, https:\/\/saladboxmarrakech.com\/wp-content\/uploads\/2023\/06\/svitlana-PwxHOrFkCdU-unsplash-370x370.jpg 370w, https:\/\/saladboxmarrakech.com\/wp-content\/uploads\/2023\/06\/svitlana-PwxHOrFkCdU-unsplash-255x255.jpg 255w\" sizes=\"(max-width: 1000px) 100vw, 1000px\" \/>\t\t\t\t\t\t\t\t\t\t\t\t\t<\/div>\n\t\t\t\t<\/div>\n\t\t\t\t\t<\/div>\n\t\t<\/div>\n\t\t\t\t\t<\/div>\n\t\t<\/section>\n\t\t\t\t<section class=\"elementor-section elementor-top-section elementor-element elementor-element-8dc9ac9 elementor-section-content-middle elementor-section-boxed elementor-section-height-default elementor-section-height-default\" data-id=\"8dc9ac9\" data-element_type=\"section\">\n\t\t\t\t\t\t<div class=\"elementor-container elementor-column-gap-no\">\n\t\t\t\t\t<div class=\"elementor-column elementor-col-50 elementor-top-column elementor-element elementor-element-e4bee0d\" data-id=\"e4bee0d\" data-element_type=\"column\">\n\t\t\t<div class=\"elementor-widget-wrap elementor-element-populated\">\n\t\t\t\t\t\t<div class=\"elementor-element elementor-element-5e9bc86 elementor-widget elementor-widget-image\" data-id=\"5e9bc86\" data-element_type=\"widget\" data-widget_type=\"image.default\">\n\t\t\t\t<div class=\"elementor-widget-container\">\n\t\t\t\t\t\t\t\t\t\t\t\t\t<img decoding=\"async\" width=\"1000\" height=\"1000\" src=\"https:\/\/saladboxmarrakech.com\/wp-content\/uploads\/2023\/06\/svitlana-btxzWcSvu-g-unsplash.jpg\" class=\"attachment-large size-large wp-image-119\" alt=\"\" srcset=\"https:\/\/saladboxmarrakech.com\/wp-content\/uploads\/2023\/06\/svitlana-btxzWcSvu-g-unsplash.jpg 1000w, https:\/\/saladboxmarrakech.com\/wp-content\/uploads\/2023\/06\/svitlana-btxzWcSvu-g-unsplash-300x300.jpg 300w, https:\/\/saladboxmarrakech.com\/wp-content\/uploads\/2023\/06\/svitlana-btxzWcSvu-g-unsplash-150x150.jpg 150w, https:\/\/saladboxmarrakech.com\/wp-content\/uploads\/2023\/06\/svitlana-btxzWcSvu-g-unsplash-600x600.jpg 600w, https:\/\/saladboxmarrakech.com\/wp-content\/uploads\/2023\/06\/svitlana-btxzWcSvu-g-unsplash-768x768.jpg 768w, https:\/\/saladboxmarrakech.com\/wp-content\/uploads\/2023\/06\/svitlana-btxzWcSvu-g-unsplash-780x780.jpg 780w, https:\/\/saladboxmarrakech.com\/wp-content\/uploads\/2023\/06\/svitlana-btxzWcSvu-g-unsplash-550x550.jpg 550w, https:\/\/saladboxmarrakech.com\/wp-content\/uploads\/2023\/06\/svitlana-btxzWcSvu-g-unsplash-370x370.jpg 370w, https:\/\/saladboxmarrakech.com\/wp-content\/uploads\/2023\/06\/svitlana-btxzWcSvu-g-unsplash-255x255.jpg 255w\" sizes=\"(max-width: 1000px) 100vw, 1000px\" \/>\t\t\t\t\t\t\t\t\t\t\t\t\t<\/div>\n\t\t\t\t<\/div>\n\t\t\t\t\t<\/div>\n\t\t<\/div>\n\t\t\t\t<div class=\"elementor-column elementor-col-50 elementor-top-column elementor-element elementor-element-206ced3\" data-id=\"206ced3\" data-element_type=\"column\">\n\t\t\t<div class=\"elementor-widget-wrap elementor-element-populated\">\n\t\t\t\t\t\t<div class=\"elementor-element elementor-element-b74c259 elementor-widget elementor-widget-pt_title\" data-id=\"b74c259\" data-element_type=\"widget\" data-widget_type=\"pt_title.default\">\n\t\t\t\t<div class=\"elementor-widget-container\">\n\t\t\t\n        <div class=\"pt-title-wrap text-center-mobile\">\t            <div class=\"pt-subtitle-wrap\"><span class=\"pt-subtitle\">Summer Special Drink #3<\/span><\/div>        <\/div>\t\t<\/div>\n\t\t\t\t<\/div>\n\t\t\t\t<div class=\"elementor-element elementor-element-92afa60 elementor-widget elementor-widget-pt_food_card\" data-id=\"92afa60\" data-element_type=\"widget\" data-widget_type=\"pt_food_card.default\">\n\t\t\t\t<div class=\"elementor-widget-container\">\n\t\t\t\n\t\t<div class=\"pt-food-card\">            <div class=\"pt-fc-info\">\n                <div class=\"pt-fc-info-wrap\">                    <h4 class=\"pt-fc-info-title\">Fruit Paradise Sangria<\/h4>                    <div class=\"pt-fc-info-text\"><p>Special mix of mango, peach, strawberry, pineapple, passion fruit, and orange.<\/p><\/div>\t                    <div class=\"pt-fc-info-extra\">\t\t\t\t\t\t\t<span class=\"info-label\">Regular Size<\/span>\t                        <span class=\"info-content\">$6.5<\/span>\t\t\t\t\t\t<\/div>\t                    <div class=\"pt-fc-info-extra\">\t\t\t\t\t\t\t<span class=\"info-label\">Large Cup<\/span>\t                        <span class=\"info-content\">$9.5<\/span>\t\t\t\t\t\t<\/div>                <\/div>\n            <\/div>\n        <\/div>\t\t<\/div>\n\t\t\t\t<\/div>\n\t\t\t\t\t<\/div>\n\t\t<\/div>\n\t\t\t\t\t<\/div>\n\t\t<\/section>\n\t\t\t\t<\/div>\n\t\t","protected":false},"excerpt":{"rendered":"<p>Special Drinks Tea &#038; Drinks Afternoon Tea Special Drinks Desserts Breakfast &#038; Brunch Summer Special Drink #1 Iced Passion Fruit Green Tea Lime juice , green tea, honey\/sugar, iced water and peach puree. Medium Cup $6.5 Large Cup $9.5 Summer Special Drink #2 Summer Breeze of Passion Refreshing sparkling white tea with rose, orange blossom, &#8230;<\/p>\n","protected":false},"author":1,"featured_media":0,"parent":0,"menu_order":0,"comment_status":"closed","ping_status":"closed","template":"template-wide-content.php","meta":{"patiotime_single_page_hide_site_header":"","patiotime_single_page_site_header_source":"","patiotime_single_page_custom_site_header":"0","patiotime_single_page_custom_sticky_site_header":"0","patiotime_single_page_custom_page_title_margin_top_source":"","patiotime_single_page_custom_page_title_desktop_margin_top":"","patiotime_single_page_custom_page_title_tablet_margin_top":"","patiotime_single_page_custom_page_title_mobile_margin_top":"","patiotime_single_page_hide_page_title":"on","patiotime_single_page_header_section_size":"","patiotime_single_page_header_background_color":"","patiotime_single_page_header_background_position_x":"center","patiotime_single_page_header_background_position_y":"center","patiotime_single_page_header_background_size":"cover","patiotime_single_page_header_background_repeat":"off","patiotime_single_page_header_background_scroll":"on","patiotime_single_page_header_text_color":"","patiotime_single_page_header_show_breadcrumb":"","patiotime_single_page_site_footer_hide_main":"","patiotime_single_custom_site_footer_main_source":"","patiotime_single_custom_site_footer_main":"0","patiotime_single_page_site_footer_hide_above":"","patiotime_single_custom_site_footer_above_source":"","patiotime_single_custom_site_footer_above":"0","patiotime_single_page_site_footer_hide_instagram":"","patiotime_single_page_site_footer_hide_bottom":"","patiotime_single_custom_mobile_menu_source":"","patiotime_single_custom_mobile_menu":"0","patiotime_single_custom_mobile_menu_animation":"","patiotime_single_custom_mobile_menu_width":"","patiotime_single_custom_mobile_menu_custom_width":375,"_joinchat":[],"footnotes":""},"class_list":["post-394","page","type-page","status-publish","hentry"],"yoast_head":"<!-- This site is optimized with the Yoast SEO plugin v23.9 - https:\/\/yoast.com\/wordpress\/plugins\/seo\/ -->\n<title>Special Drinks Menu - saladbox marrakech<\/title>\n<meta name=\"robots\" content=\"index, follow, max-snippet:-1, max-image-preview:large, max-video-preview:-1\" \/>\n<link rel=\"canonical\" href=\"https:\/\/saladboxmarrakech.com\/index.php\/special-drinks-menu\/\" \/>\n<meta property=\"og:locale\" content=\"fr_FR\" \/>\n<meta property=\"og:type\" content=\"article\" \/>\n<meta property=\"og:title\" content=\"Special Drinks Menu - saladbox marrakech\" \/>\n<meta property=\"og:description\" content=\"Special Drinks Tea &#038; Drinks Afternoon Tea Special Drinks Desserts Breakfast &#038; Brunch Summer Special Drink #1 Iced Passion Fruit Green Tea Lime juice , green tea, honey\/sugar, iced water and peach puree. Medium Cup $6.5 Large Cup $9.5 Summer Special Drink #2 Summer Breeze of Passion Refreshing sparkling white tea with rose, orange blossom, ...\" \/>\n<meta property=\"og:url\" content=\"https:\/\/saladboxmarrakech.com\/index.php\/special-drinks-menu\/\" \/>\n<meta property=\"og:site_name\" content=\"saladbox marrakech\" \/>\n<meta property=\"article:publisher\" content=\"https:\/\/www.facebook.com\/share\/16VdV5eHcG\/?mibextid=wwXIfr\" \/>\n<meta property=\"article:modified_time\" content=\"2024-11-28T16:15:29+00:00\" \/>\n<meta property=\"og:image\" content=\"https:\/\/patiotime.loftocean.com\/demo11\/wp-content\/uploads\/sites\/11\/2023\/06\/svitlana-hclUIrSWwFE-unsplash.jpg\" \/>\n<meta name=\"twitter:card\" content=\"summary_large_image\" \/>\n<script type=\"application\/ld+json\" class=\"yoast-schema-graph\">{\"@context\":\"https:\/\/schema.org\",\"@graph\":[{\"@type\":\"WebPage\",\"@id\":\"https:\/\/saladboxmarrakech.com\/index.php\/special-drinks-menu\/\",\"url\":\"https:\/\/saladboxmarrakech.com\/index.php\/special-drinks-menu\/\",\"name\":\"Special Drinks Menu - saladbox marrakech\",\"isPartOf\":{\"@id\":\"https:\/\/saladboxmarrakech.com\/#website\"},\"primaryImageOfPage\":{\"@id\":\"https:\/\/saladboxmarrakech.com\/index.php\/special-drinks-menu\/#primaryimage\"},\"image\":{\"@id\":\"https:\/\/saladboxmarrakech.com\/index.php\/special-drinks-menu\/#primaryimage\"},\"thumbnailUrl\":\"https:\/\/saladboxmarrakech.com\/wp-content\/uploads\/2023\/06\/svitlana-hclUIrSWwFE-unsplash.jpg\",\"datePublished\":\"2023-06-16T09:30:30+00:00\",\"dateModified\":\"2024-11-28T16:15:29+00:00\",\"breadcrumb\":{\"@id\":\"https:\/\/saladboxmarrakech.com\/index.php\/special-drinks-menu\/#breadcrumb\"},\"inLanguage\":\"fr-FR\",\"potentialAction\":[{\"@type\":\"ReadAction\",\"target\":[\"https:\/\/saladboxmarrakech.com\/index.php\/special-drinks-menu\/\"]}]},{\"@type\":\"ImageObject\",\"inLanguage\":\"fr-FR\",\"@id\":\"https:\/\/saladboxmarrakech.com\/index.php\/special-drinks-menu\/#primaryimage\",\"url\":\"https:\/\/saladboxmarrakech.com\/wp-content\/uploads\/2023\/06\/svitlana-hclUIrSWwFE-unsplash.jpg\",\"contentUrl\":\"https:\/\/saladboxmarrakech.com\/wp-content\/uploads\/2023\/06\/svitlana-hclUIrSWwFE-unsplash.jpg\",\"width\":1000,\"height\":1000},{\"@type\":\"BreadcrumbList\",\"@id\":\"https:\/\/saladboxmarrakech.com\/index.php\/special-drinks-menu\/#breadcrumb\",\"itemListElement\":[{\"@type\":\"ListItem\",\"position\":1,\"name\":\"Home\",\"item\":\"https:\/\/saladboxmarrakech.com\/\"},{\"@type\":\"ListItem\",\"position\":2,\"name\":\"Special Drinks Menu\"}]},{\"@type\":\"WebSite\",\"@id\":\"https:\/\/saladboxmarrakech.com\/#website\",\"url\":\"https:\/\/saladboxmarrakech.com\/\",\"name\":\"saladbox marrakech\",\"description\":\"D\u00e9couvrez SALADBOX RESTAURANT \u00e0 MARRAKECH, votre destination id\u00e9ale pour des repas sains, savoureux et diversifi\u00e9s \u00e0 Marrakech !\",\"publisher\":{\"@id\":\"https:\/\/saladboxmarrakech.com\/#organization\"},\"potentialAction\":[{\"@type\":\"SearchAction\",\"target\":{\"@type\":\"EntryPoint\",\"urlTemplate\":\"https:\/\/saladboxmarrakech.com\/?s={search_term_string}\"},\"query-input\":{\"@type\":\"PropertyValueSpecification\",\"valueRequired\":true,\"valueName\":\"search_term_string\"}}],\"inLanguage\":\"fr-FR\"},{\"@type\":\"Organization\",\"@id\":\"https:\/\/saladboxmarrakech.com\/#organization\",\"name\":\"saladbox marrakech\",\"url\":\"https:\/\/saladboxmarrakech.com\/\",\"logo\":{\"@type\":\"ImageObject\",\"inLanguage\":\"fr-FR\",\"@id\":\"https:\/\/saladboxmarrakech.com\/#\/schema\/logo\/image\/\",\"url\":\"https:\/\/saladboxmarrakech.com\/wp-content\/uploads\/2024\/11\/icon.jpg\",\"contentUrl\":\"https:\/\/saladboxmarrakech.com\/wp-content\/uploads\/2024\/11\/icon.jpg\",\"width\":512,\"height\":524,\"caption\":\"saladbox marrakech\"},\"image\":{\"@id\":\"https:\/\/saladboxmarrakech.com\/#\/schema\/logo\/image\/\"},\"sameAs\":[\"https:\/\/www.facebook.com\/share\/16VdV5eHcG\/?mibextid=wwXIfr\",\"https:\/\/www.instagram.com\/saladboxmarrakech\"]}]}<\/script>\n<!-- \/ Yoast SEO plugin. -->","yoast_head_json":{"title":"Special Drinks Menu - saladbox marrakech","robots":{"index":"index","follow":"follow","max-snippet":"max-snippet:-1","max-image-preview":"max-image-preview:large","max-video-preview":"max-video-preview:-1"},"canonical":"https:\/\/saladboxmarrakech.com\/index.php\/special-drinks-menu\/","og_locale":"fr_FR","og_type":"article","og_title":"Special Drinks Menu - saladbox marrakech","og_description":"Special Drinks Tea &#038; Drinks Afternoon Tea Special Drinks Desserts Breakfast &#038; Brunch Summer Special Drink #1 Iced Passion Fruit Green Tea Lime juice , green tea, honey\/sugar, iced water and peach puree. Medium Cup $6.5 Large Cup $9.5 Summer Special Drink #2 Summer Breeze of Passion Refreshing sparkling white tea with rose, orange blossom, ...","og_url":"https:\/\/saladboxmarrakech.com\/index.php\/special-drinks-menu\/","og_site_name":"saladbox marrakech","article_publisher":"https:\/\/www.facebook.com\/share\/16VdV5eHcG\/?mibextid=wwXIfr","article_modified_time":"2024-11-28T16:15:29+00:00","og_image":[{"url":"https:\/\/patiotime.loftocean.com\/demo11\/wp-content\/uploads\/sites\/11\/2023\/06\/svitlana-hclUIrSWwFE-unsplash.jpg"}],"twitter_card":"summary_large_image","schema":{"@context":"https:\/\/schema.org","@graph":[{"@type":"WebPage","@id":"https:\/\/saladboxmarrakech.com\/index.php\/special-drinks-menu\/","url":"https:\/\/saladboxmarrakech.com\/index.php\/special-drinks-menu\/","name":"Special Drinks Menu - saladbox marrakech","isPartOf":{"@id":"https:\/\/saladboxmarrakech.com\/#website"},"primaryImageOfPage":{"@id":"https:\/\/saladboxmarrakech.com\/index.php\/special-drinks-menu\/#primaryimage"},"image":{"@id":"https:\/\/saladboxmarrakech.com\/index.php\/special-drinks-menu\/#primaryimage"},"thumbnailUrl":"https:\/\/saladboxmarrakech.com\/wp-content\/uploads\/2023\/06\/svitlana-hclUIrSWwFE-unsplash.jpg","datePublished":"2023-06-16T09:30:30+00:00","dateModified":"2024-11-28T16:15:29+00:00","breadcrumb":{"@id":"https:\/\/saladboxmarrakech.com\/index.php\/special-drinks-menu\/#breadcrumb"},"inLanguage":"fr-FR","potentialAction":[{"@type":"ReadAction","target":["https:\/\/saladboxmarrakech.com\/index.php\/special-drinks-menu\/"]}]},{"@type":"ImageObject","inLanguage":"fr-FR","@id":"https:\/\/saladboxmarrakech.com\/index.php\/special-drinks-menu\/#primaryimage","url":"https:\/\/saladboxmarrakech.com\/wp-content\/uploads\/2023\/06\/svitlana-hclUIrSWwFE-unsplash.jpg","contentUrl":"https:\/\/saladboxmarrakech.com\/wp-content\/uploads\/2023\/06\/svitlana-hclUIrSWwFE-unsplash.jpg","width":1000,"height":1000},{"@type":"BreadcrumbList","@id":"https:\/\/saladboxmarrakech.com\/index.php\/special-drinks-menu\/#breadcrumb","itemListElement":[{"@type":"ListItem","position":1,"name":"Home","item":"https:\/\/saladboxmarrakech.com\/"},{"@type":"ListItem","position":2,"name":"Special Drinks Menu"}]},{"@type":"WebSite","@id":"https:\/\/saladboxmarrakech.com\/#website","url":"https:\/\/saladboxmarrakech.com\/","name":"saladbox marrakech","description":"D\u00e9couvrez SALADBOX RESTAURANT \u00e0 MARRAKECH, votre destination id\u00e9ale pour des repas sains, savoureux et diversifi\u00e9s \u00e0 Marrakech !","publisher":{"@id":"https:\/\/saladboxmarrakech.com\/#organization"},"potentialAction":[{"@type":"SearchAction","target":{"@type":"EntryPoint","urlTemplate":"https:\/\/saladboxmarrakech.com\/?s={search_term_string}"},"query-input":{"@type":"PropertyValueSpecification","valueRequired":true,"valueName":"search_term_string"}}],"inLanguage":"fr-FR"},{"@type":"Organization","@id":"https:\/\/saladboxmarrakech.com\/#organization","name":"saladbox marrakech","url":"https:\/\/saladboxmarrakech.com\/","logo":{"@type":"ImageObject","inLanguage":"fr-FR","@id":"https:\/\/saladboxmarrakech.com\/#\/schema\/logo\/image\/","url":"https:\/\/saladboxmarrakech.com\/wp-content\/uploads\/2024\/11\/icon.jpg","contentUrl":"https:\/\/saladboxmarrakech.com\/wp-content\/uploads\/2024\/11\/icon.jpg","width":512,"height":524,"caption":"saladbox marrakech"},"image":{"@id":"https:\/\/saladboxmarrakech.com\/#\/schema\/logo\/image\/"},"sameAs":["https:\/\/www.facebook.com\/share\/16VdV5eHcG\/?mibextid=wwXIfr","https:\/\/www.instagram.com\/saladboxmarrakech"]}]}},"_links":{"self":[{"href":"https:\/\/saladboxmarrakech.com\/index.php\/wp-json\/wp\/v2\/pages\/394","targetHints":{"allow":["GET"]}}],"collection":[{"href":"https:\/\/saladboxmarrakech.com\/index.php\/wp-json\/wp\/v2\/pages"}],"about":[{"href":"https:\/\/saladboxmarrakech.com\/index.php\/wp-json\/wp\/v2\/types\/page"}],"author":[{"embeddable":true,"href":"https:\/\/saladboxmarrakech.com\/index.php\/wp-json\/wp\/v2\/users\/1"}],"replies":[{"embeddable":true,"href":"https:\/\/saladboxmarrakech.com\/index.php\/wp-json\/wp\/v2\/comments?post=394"}],"version-history":[{"count":1,"href":"https:\/\/saladboxmarrakech.com\/index.php\/wp-json\/wp\/v2\/pages\/394\/revisions"}],"predecessor-version":[{"id":1057,"href":"https:\/\/saladboxmarrakech.com\/index.php\/wp-json\/wp\/v2\/pages\/394\/revisions\/1057"}],"wp:attachment":[{"href":"https:\/\/saladboxmarrakech.com\/index.php\/wp-json\/wp\/v2\/media?parent=394"}],"curies":[{"name":"wp","href":"https:\/\/api.w.org\/{rel}","templated":true}]}}